+ 27 = -13. What are the prime factors of u?
2, 5
Suppose -27 = 4*x - w, 0 = x + 5*w - 10 + 1. What are the prime factors of -57*-2*(-2)/x?
2, 19
Suppose -4 = 2*n, -138 = -4*a - a + 4*n. Let x = a + -16. What are the prime factors of x?
2, 5
Suppose -2*w - 45 = 5*i, -2*w + i = 2*w + 123. Let l be (6 - 7)*w/(-1). Let m = l - -50. List the prime factors of m.
2, 5
Let n(s) = 7 + 2*s**2 + s**3 + 2 - 9*s - 8*s**2. Let x be n(7). Let o(g) = -g**2 - 5*g + 7. What are the prime factors of o(x)?
7
Let p = -85 + 166. List the prime factors of p.
3
Suppose -3*s + 3 = 0, -3*s + 0 + 3 = 5*o. What are the prime factors of (o - 12)*(-4 + 3)?
2, 3
Let g(w) = -w**3 - w + 4. Let c be g(0). Suppose -4*p - 6*r = -r - 72, -c*p + 5*r = -112. What are the prime factors of p?
23
Let n(u) = 7*u - 14. Let j be n(9). Suppose -3*z + 2*c + 97 = -6, -j = -z - 3*c. What are the prime factors of z?
37
List the prime factors of 1/2 + (-802)/(-4).
3, 67
Suppose -4*k - 49 + 293 = 0. List the prime factors of k.
61
Let j = 9 + -6. Suppose -3*m + 32 = 2*i, -2*m = -j*m + 4*i - 8. What are the prime factors of m?
2
Let d(p) = 9 + 0*p**2 + p + 8*p**2 + 4*p. Let w(x) = -3*x**2 - 2*x - 3. Let o(n) = -4*d(n) - 11*w(n). List the prime factors of o(-4).
5
Suppose -3*o + 0*o + 9 = 0, 123 = 5*w + o. Let c = 36 - w. List the prime factors of c.
2, 3
What are the prime factors of 4/42 - 21448/(-147)?
2, 73
Suppose 0 = 5*y + 4*p + 32, -2 = 5*p + 13. Let d = y - -15. What are the prime factors of d?
11
Suppose 5 - 101 = -4*f. What are the prime factors of f/20*(-10)/(-3)?
2
Let o(s) = s**3 + 4*s**2 - s + 1. Let g be o(-4). Let a = g + 7. Suppose a = -0*m + 2*m. What are the prime factors of m?
2, 3
Let b = -32 + 87. List the prime factors of b.
5, 11
Let u(p) = -p**3 + 12*p**2 + 8*p - 2. List the prime factors of u(10).
2, 139
List the prime factors of 1/(2 - (-51)/(-27)).
3
Suppose n + 8 - 4 = -2*v, 5*n + 5*v + 5 = 0. Suppose 3*o + 0*t + 5*t - 75 = 0, 3*o + n*t - 66 = 0. Suppose -5*i + o = -25. List the prime factors of i.
3
Let d(x) = x - 1. Let v(o) be the third derivative of -o**4/24 + 4*o**3/3 + 3*o**2. Let y be v(0). What are the prime factors of d(y)?
7
Suppose 3*s = 5*s - 10. Suppose s*v - 15 = 60. List the prime factors of v/(-10)*14/(-3).
7
What are the prime factors of (-11 - -16)*(-3)/(6/(-86))?
5, 43
Suppose 3*g - 6 = 0, 0 = -7*h + 3*h + g + 10. Let c = 7 - h. Suppose 3*r + 8 = 3*u - 19, 2*u = c*r + 20. List the prime factors of u.
2
Let w be 4/18 - 305/(-45). Let u = -3 + w. List the prime factors of u.
2
Suppose k = 4*j + 4, 8 = -5*j - 0*k + 2*k. Suppose 0*x = 4*x + 5*a + 7, j = 3*x + 4*a + 6. What are the prime factors of x?
2
Suppose -4*r = 5*n - 283, 129 = 3*n - 5*r - 63. Suppose -3*l + n = 5*b, -3*l + b + 35 = -0*b. What are the prime factors of l?
13
Let h(n) = -n**3 + 2*n**2 - 10*n - 1. Let x(c) = c**2 + c. Let i(o) = h(o) + 5*x(o). List the prime factors of i(5).
2, 3
Suppose 0 = 4*h - 3*h - 8. Suppose -g + 9 = -h. What are the prime factors of g?
17
Let b(l) be the second derivative of -3*l**5/5 - l**3/3 - l**2/2 - l. Let y(t) = t + 5. Let j be y(-6). List the prime factors of b(j).
13
Let u = 14 + 19. List the prime factors of u.
3, 11
Let y = -121 + 111. Suppose -2*z = 3*m + 51 + 24, 3*m + z + 75 = 0. Let h = y - m. List the prime factors of h.
3, 5
Let a(z) = -z**2 + 3*z - 4. Let g be a(3). Suppose -8*w = -3*w + 5. Let d = w - g. What are the prime factors of d?
3
What are the prime factors of 2*(-12)/(-10)*5?
2, 3
Let j be 28/(-3) - 2/3. List the prime factors of 12/10*j/(-6).
2
Suppose 0 = u + 5. Let x = 4 + u. List the prime factors of -2 + 2 - x - -12.
13
Let v = -14 - -7. Let q(h) = h + 9. Let l be q(v). Let p(i) = i**3 - i**2. What are the prime factors of p(l)?
2
Suppose -9 = -2*d + 23. What are the prime factors of d?
2
Let x(i) = -i**3 - 3*i**2 + 5*i + 2. Let q be x(-4). Let s = q + 6. Suppose -3*u + 28 = s*g, -2*u = -4*u + 2*g. List the prime factors of u.
2
Let d be (3/6)/((-1)/(-4)). Let c = 7 - d. What are the prime factors of c?
5
Let x = -2 + 2. Suppose -2*o + 7*o = x. Suppose 10*l - 40 = -5*k + 5*l, o = -2*k - 5*l + 16. What are the prime factors of k?
2
Suppose -9 = -b + 215. List the prime factors of b.
2, 7
Suppose 5*j + 0*j = 2*d + 17, -3*d = -3*j + 21. Let c(u) = -3*u - 7. Let r be c(-7). Let z = d + r. List the prime factors of z.
2
Suppose 2*p - 146 = -2*z, -p = 2*p + 6. Let n be 5*(-5)/(z/(-12)). Suppose 0 = -5*t - 5*k + 25, -16 = -3*t - 2*k - n. List the prime factors of t.
2
Let r = 2 + 0. Suppose -32 = -r*p - 2*p. What are the prime factors of p?
2
Suppose -5*c = 5*j - 135, -5*c + 2*j + 75 = -32. What are the prime factors of c?
23
Let o be 1 + 69 - (6 + -7). Suppose 0 = 5*z - z - 2*h - 118, -5*h = -2*z + o. List the prime factors of z.
2, 7
Suppose r + 5 = 0, 4*l - 5*r = -0*r + 585. What are the prime factors of l?
2, 5, 7
Let s = -63 + 130. List the prime factors of s.
67
Suppose -2*u - 15 = -j, 0 = -2*j - 0*j + 6. Let y = 3 - 2. What are the prime factors of u/(-3) + 1/y?
3
Let z(o) = -o**2 + 21*o - 3. Let h be z(9). Suppose 6*d = d + h. What are the prime factors of d?
3, 7
List the prime factors of 6*220/15 - (2 - -1).
5, 17
Suppose -5*g + 0*g + 145 = 0. List the prime factors of g.
29
Let t(i) = -4*i - 1. Let z be t(-3). Suppose 95 = 4*f + 3*s, 2*s - z = -1. What are the prime factors of f?
2, 5
Let y = 22 + -14. What are the prime factors of (4 + -8)*(-82)/y?
41
Let f(a) = -a**2 + 11*a + 14. Suppose -2*t + 10 + 12 = 0. Let w be f(t). What are the prime factors of w*1 - (2 + -1)?
13
Suppose 3 = 2*c - 1. Suppose 3*j - c = 10. What are the prime factors of j?
2
Let c(u) = -9*u - 23. What are the prime factors of c(-19)?
2, 37
Let t be 2/(-3) + (-21)/9. Let d be (-2)/t*(0 - -72). Suppose -3*p - d = -3*v - v, 3*p = 2*v - 30. What are the prime factors of v?
3
Suppose u = 5*o - 228, 3*o - 5*u = 165 - 37. What are the prime factors of o?
2, 23
Let r(n) be the first derivative of -n**4/2 - n**3 - n**2/2 - 2*n - 2. Suppose 0 = 3*j - 6, -5*h - 4*j = -3*h - 4. What are the prime factors of r(h)?
2
Let k(f) = 11*f + 3. What are the prime factors of k(4)?
47
Suppose -6*l + 37 - 1 = 0. What are the prime factors of l?
2, 3
Suppose -2*m + 6*m = z - 57, 0 = -m - 2*z - 12. Let t = 33 + m. What are the prime factors of t?
19
Suppose -4*x + 4*q + 50 - 10 = 0, -5*x - 4*q = -32. What are the prime factors of x?
2
Suppose 1 + 1 = 2*a + 2*r, 4*a + 5*r - 5 = 0. Suppose 0*y + 4*y + 16 = a. Let v = 2 - y. List the prime factors of v.
2, 3
Let w = 2 - 3. Let x be (-3)/(-3)*w - 3. What are the prime factors of (-30)/x*8/12?
5
Let f = 9 - 18. Let d = -6 - f. Suppose -d*g + x = -7*g + 12, 2*x + 28 = 5*g. What are the prime factors of g?
2
Suppose o - 8 - 2 = 0. List the prime factors of (8/o)/(10/25).
2
Suppose -4*d - n = -0*n - 1129, -4*d + 3*n + 1125 = 0. What are the prime factors of d?
2, 3, 47
Let s(c) = -c**2 - 8*c + 11. Let h be s(-8). Let b be (-268)/(-16) + 2/8. Let q = b - h. What are the prime factors of q?
2, 3
Suppose 2*g - 8 = 2*b, 4*g - 16 = -b - 0*g. Suppose b*i - i + 3 = 0. List the prime factors of i.
3
Let n = 39 + -25. Let v = 24 + 5. Let j = v - n. What are the prime factors of j?
3, 5
Let o = 18 + -13. Suppose -w - o = 2*i - 4, -4*i = -5*w - 33. Suppose 9 = u - i. What are the prime factors of u?
11
Suppose -5*x = -29 + 9. What are the prime factors of (-766)/(-22) - x/(-22)?
5, 7
Suppose -b + 2*n + 32 = n, 0 = 4*b - 5*n - 124. What are the prime factors of b?
2, 3
List the prime factors of 14 + 0/2 - 0/3.
2, 7
Let q(v) = -2*v**2 + 2*v - 1. Let l(n) = -11*n**2 + 11*n - 6. Let g(t) = 6*l(t) - 34*q(t). List the prime factors of g(3).
2, 5
Let s(n) = 2*n**3 - 3*n**2. Let m be (-1 + -3 + 0)/(-2). Let a be s(m). Suppose 4 + a = 3*d - 5*h, -16 = -3*d + h. What are the prime factors of d?
2, 3
Suppose 2*o - 13 = o. Let i = -6 + o. What are the prime factors of i?
7
Let c = -7 - -11. Suppose c = -2*s - 10. Let y = 2 - s. What are the prime factors of y?
3
Suppose n = -3*n + 3*h + 251, -4*n + h = -257. What are the prime factors of n?
5, 13
Let u(p) = 5 - 2 - 7*p + 2 - 3. Let n be u(-6). Suppose 2*a + 3*c = -0*a + 29, 0 = 3*a + 5*c - n. List the prime factors of a.
13
Suppose 5 = 5*w - 3*x + 8*x, 0 = 5*w - 2*x + 2. Suppose w = -4*g + 6*g. What a